t are the prime factors of 3377681?
149, 22669
List the prime factors of 2696688.
2, 3, 61, 307
What are the prime factors of 171033?
3, 47, 1213
What are the prime factors of 315092?
2, 37, 2129
List the prime factors of 788998.
2, 7, 83, 97
List the prime factors of 689428.
2, 172357
List the prime factors of 175171.
59, 2969
What are the prime factors of 2215254?
2, 3, 193, 1913
What are the prime factors of 9329705?
5, 7, 11, 2203
List the prime factors of 7067572.
2, 197, 8969
What are the prime factors of 418315?
5, 83663
What are the prime factors of 658678?
2, 61, 5399
What are the prime factors of 382016?
2, 47, 127
What are the prime factors of 83067?
3, 27689
What are the prime factors of 6391161?
3, 7, 229, 443
List the prime factors of 2110322.
2, 853, 1237
List the prime factors of 682996.
2, 170749
What are the prime factors of 362996?
2, 90749
List the prime factors of 572107.
572107
What are the prime factors of 35022161?
257, 136273
List the prime factors of 862425.
3, 5, 3833
List the prime factors of 271271.
7, 11, 13, 271
List the prime factors of 1807199.
1807199
List the prime factors of 1531472.
2, 95717
List the prime factors of 133559.
133559
What are the prime factors of 12912489?
3, 149, 9629
List the prime factors of 9958825.
5, 398353
List the prime factors of 5525627.
317, 17431
List the prime factors of 706131.
3, 26153
What are the prime factors of 4737412?
2, 47, 113, 223
What are the prime factors of 1478472?
2, 3, 61603
List the prime factors of 1493168.
2, 93323
What are the prime factors of 48694?
2, 97, 251
What are the prime factors of 697425?
3, 5, 17, 547
What are the prime factors of 23451?
3, 7817
List the prime factors of 14518368.
2, 3, 50411
What are the prime factors of 14389542?
2, 3, 439, 607
List the prime factors of 1895072.
2, 59221
What are the prime factors of 235846?
2, 13, 47, 193
What are the prime factors of 500457?
3, 23, 7253
List the prime factors of 231647.
13, 103, 173
List the prime factors of 1581119.
17, 5471
What are the prime factors of 8275258?
2, 4137629
What are the prime factors of 1238040?
2, 3, 5, 19, 181
List the prime factors of 183168.
2, 3, 53
List the prime factors of 13323648.
2, 3, 13, 17, 157
List the prime factors of 21557.
21557
List the prime factors of 1005258.
2, 3, 167543
List the prime factors of 416721.
3, 17, 8171
What are the prime factors of 487060?
2, 5, 7, 71
What are the prime factors of 7619246?
2, 3809623
What are the prime factors of 4743309?
3, 1009, 1567
List the prime factors of 5498411.
5498411
What are the prime factors of 453499?
31, 14629
What are the prime factors of 217742?
2, 7, 103, 151
What are the prime factors of 7579866?
2, 3, 7, 180473
What are the prime factors of 854722?
2, 11, 38851
What are the prime factors of 17140029?
3, 17, 336079
List the prime factors of 25911967.
25911967
List the prime factors of 13610827.
13610827
List the prime factors of 507318.
2, 3, 7, 47, 257
What are the prime factors of 824281?
824281
What are the prime factors of 674283?
3, 43, 5227
What are the prime factors of 183275?
5, 7331
What are the prime factors of 148352?
2, 19, 61
What are the prime factors of 1149525?
3, 5, 13, 131
What are the prime factors of 188993?
7, 19, 29
What are the prime factors of 7324095?
3, 5, 29, 113, 149
List the prime factors of 373599.
3, 101, 137
List the prime factors of 1670978.
2, 835489
What are the prime factors of 1870562?
2, 79, 11839
List the prime factors of 2361498.
2, 3, 393583
List the prime factors of 1746834.
2, 3, 109, 2671
List the prime factors of 137478.
2, 3, 11, 2083
What are the prime factors of 1896811?
7, 270973
What are the prime factors of 12075532?
2, 7, 431269
List the prime factors of 197030.
2, 5, 17, 19, 61
List the prime factors of 10180479.
3, 29, 117017
List the prime factors of 1476868.
2, 421, 877
What are the prime factors of 149472?
2, 3, 173
What are the prime factors of 8912668?
2, 2228167
What are the prime factors of 7303446?
2, 3, 45083
List the prime factors of 753183.
3, 53, 1579
List the prime factors of 1429021.
11, 163, 797
List the prime factors of 202609.
11, 113, 163
What are the prime factors of 483058?
2, 149, 1621
List the prime factors of 5282243.
5282243
What are the prime factors of 446558?
2, 7, 167, 191
List the prime factors of 1932301.
7, 276043
List the prime factors of 6725561.
2503, 2687
What are the prime factors of 822562?
2, 13, 17, 1861
What are the prime factors of 883938?
2, 3, 11, 59, 227
List the prime factors of 18583964.
2, 7, 663713
List the prime factors of 148729.
7, 21247
List the prime factors of 93400.
2, 5, 467
What are the prime factors of 2542678?
2, 1271339
List the prime factors of 8397765.
3, 5, 59, 3163
What are the prime factors of 1258069?
461, 2729
What are the prime factors of 2732012?
2, 683003
What are the prime factors of 840901?
193, 4357
List the prime factors of 1303514.
2, 19, 34303
What are the prime factors of 6349970?
2, 5, 11, 57727
List the prime factors of 146117.
146117
What are the prime factors of 155119?
155119
What are the prime factors of 3015417?
3, 271, 3709
List the prime factors of 1129263.
3, 41, 9181
List the prime factors of 14596864.
2, 19, 3001
What are the prime factors of 209605?
5, 11, 37, 103
What are the prime factors of 120279?
3, 40093
List the prime factors of 1475234.
2, 737617
List the prime factors of 739462.
2, 369731
List the prime factors of 20161108.
2, 11, 458207
List the prime factors of 22977632.
2, 718051
What are the prime factors of 9649212?
2, 3, 733, 1097
List the prime factors of 2215463.
2215463
List the prime factors of 157547.
13, 12119
What are the prime factors of 230094?
2, 3, 4261
What are the prime factors of 206021?
206021
List the prime factors of 740300.
2, 5, 11, 673
List the prime factors of 6576163.
11, 597833
List the prime factors of 268558.
2, 47, 2857
What are the prime factors of 4471930?
2, 5, 447193
What are the prime factors of 1782988?
2, 445747
List the prime factors of 8839643.
17, 73, 419
What are the prime factors of 850587?
3, 281, 1009
List the prime factors of 865462.
2, 13, 33287
List the prime factors of 1478279.
11, 23, 5843
List the prime factors of 217587.
3, 29, 41, 61
List the prime factors of 1962485.
5, 7, 47, 1193
What are the prime factors of 745627?
373, 1999
What are the prime factors of 1273810?
2, 5, 17, 59, 127
List the prime factors of 1155329.
7, 165047
What are the prime factors of 128213?
128213
List the prime factors of 502057.
502057
List the prime factors of 1130586.
2, 3, 188431
List the prime factors of 5147664.
2, 3, 107243
List the prime factors of 52856.
2, 6607
What are the prime factors of 695208?
2, 3, 83, 349
List the prime factors of 5819838.
2, 3, 619, 1567
List the prime factors of 8022702.
2, 3, 59, 131, 173
List the prime factors of 2287941.
3, 762647
What are the prime factors of 2647282?
2, 11, 120331
What are the prime factors of 1544402?
2, 439, 1759
List the prime factors of 357830.
2, 5, 11, 3253
What are the prime factors of 410020?
2, 5, 13, 19, 83
List the prime factors of 246928.
2, 11, 23, 61
What are the prime factors of 27114138?
2, 3, 1506341
List the prime factors of 4723651.
41, 115211
List the prime factors of 2292373.
43, 89, 599
List the prime factors of 1679837.
37, 83, 547
List the prime factors of 1098600.
2, 3, 5, 1831
What are the prime factors of 14542523?
3019, 4817
What are the prime factors of 334883?
17, 19699
What are the prime factors of 6407689?
613, 10453
List the prime factors of 6533086.
2, 7, 466649
What are the prime factors of 10340178?
2, 3, 101, 113, 151
What are the prime factors of 1030889?
1030889
List the prime factors of 2706538.
2, 1353269
What are the prime factors of 2301511?
17, 37, 3659
List the prime factors of 1334615.
5, 293, 911
What are the prime factors of 9184574?
2, 7, 41, 16001
List the prime factors of 9972639.
3, 23, 53, 101
List the prime factors of 15846982.
2, 7923491
List the prime factors of 2491937.
7, 317, 1123
What are the prime factors of 2596?
2, 11, 59
List the prime factors of 28653.
3, 9551
What are the prime factors of 2129635?
5, 97, 4391
List the prime factors of 1076748.
2, 3, 53, 1693
What are the prime factors of 2217724?
2,